4 - -1)?
-2
Evaluate -7 + 2 - (-5 + 6 + -4).
-2
What is the value of (-15 - (-7 - -2)) + 10?
0
Evaluate 3 - (2 + 4 + -2).
-1
Evaluate 0 + 7 - (-54 - -62).
-1
What is -7 - (-2 + 3 + -6) - -1?
-1
What is the value of 7 + (-4 + 8 - 3)?
8
Evaluate 2 + 2 + 1 + -3.
2
What is the value of (146 - 147) + (-8 - (0 + -2))?
-7
What is 3 + (-6 - -10) - (2 - 0)?
5
Calculate -22 + 19 + (1 - (1 + -4)).
1
Calculate 1 + 4 + (-13 - -9).
1
Evaluate 9 - (7 - -6) - (-4 + 0).
0
What is 3 + (-5 + -3 - -8)?
3
4 - (4 + 5 + 1 + -1)
-5
Calculate 3 - (-4 + 8) - (-25 - -29).
-5
Evaluate (14 - 0) + -10 + 0 + -5.
-1
Evaluate -6 + 2 + (3 - -1).
0
4 + -4 - (0 - -3 - 10)
7
Evaluate (8 - ((5 - 9) + 7)) + 4.
9
-3 + 6 + -5 - -2
0
Evaluate 2 + (5 - (7 - 2) - -2).
4
What is -3 - (-6 - (2 + 4 + -2))?
7
Calculate (-19 - -7) + -2 - -7.
-7
What is -6 - (3 - (5 + (0 - 1)))?
-5
Calculate (-2 - (1 + -3)) + -6.
-6
What is -2 + 1 + 21 + -18?
2
What is (7 - 9) + 1 + 1?
0
What is -2 - (5 + -18 + 6)?
5
(0 - (-4 + 2)) + 27 + -21
8
2 + -7 + 7 + 1 + -1
2
Calculate (-3 - -7 - (-1 - -1)) + -2.
2
Evaluate -5 + 3 + (5 - 11) + 0.
-8
Evaluate -8 + 6 + (-3 - -1).
-4
What is the value of -3 + -3 + 13 - 8?
-1
What is 58 - 63 - (1 + -8)?
2
-3 - (-3 - (3 + -2))
1
Calculate 1 + -7 + (-7 - (-3 - 5)).
-5
What is 12 + (-6 - 17) + 3?
-8
What is (-9 + 8 - -6) + (2 - 4)?
3
What is 1 - -4 - (5 - 1)?
1
Calculate -13 + 7 - (-12 + 6).
0
What is 1 - (-6 - (1 - (1 + 4)))?
3
What is the value of 12 + -5 + -10 - (1 + -4)?
0
-4 + (0 - 0) - -6
2
What is 9 - 2 - (4 + 10) - -3?
-4
What is the value of (-10 - -11) + (-6 - (4 - 6))?
-3
Evaluate -7 - (-5 + (-6 - -17) - 5).
-8
Evaluate 0 + (6 + -3 + -3 - 3).
-3
What is (4 - (-1 + 13)) + 4?
-4
Evaluate 5 + 6 + (-1 - -8 - 20).
-2
What is 3 - (4 + (-2 - 1) + 1)?
1
What is -1 - ((3 - -2) + -6 + 0)?
0
Calculate 2 + -7 + 0 + -2 + 7.
0
Calculate -9 - 0 - -9 - (0 - -7).
-7
3 + -1 - (-4 + (-1 - -9))
-2
-2 + 0 - (5 + -7)
0
-1 + (-4 - (-8 - -2))
1
Evaluate 4 + -9 + -4 + 13.
4
What is the value of 1 + -1 + 2 - (10 + -10)?
2
What is the value of -1 + 1 + (-1 - -2)?
1
Evaluate 5 + 0 + (-14 - -7).
-2
Calculate -1 - (2 + -1) - -4.
2
Evaluate (6 - (-8 + 3)) + -9.
2
What is the value of 0 - (-9 + 0) - 15?
-6
Calculate -2 - -2 - 2 - 0.
-2
1 - (-8 + (5 - (10 - 6)))
8
What is the value of -14 + 5 - -15 - (-1 - -1)?
6
What is 7 + -5 + -1 + 0 + 10?
11
What is (-8 - -2) + (1 - (1 - 7))?
1
Evaluate -7 + 1 + (8 - 5) + 3.
0
Evaluate (0 - 0) + (1 - 1).
0
What is -3 - (-1 - 1 - 6)?
5
1 + -5 - (11 + -16 + 5)
-4
Calculate 5 + -3 - (1 + -1).
2
What is 7 - (-3 - (-4 - (0 + -4)))?
10
Calculate -19 + 23 - (8 + -2 - 1).
-1
Evaluate 32 + -25 + -1 + 0 + -1.
5
Evaluate (16 - 12) + (2 - 1).
5
What is the value of 7 + -15 - -4 - -7?
3
Calculate 11 + -5 - (-3 - -1).
8
What is the value of 7 + -4 + -9 - 0?
-6
Evaluate 6 + (1 - 8 - (4 + -7)).
2
Evaluate -1 - (-1 + 0) - 3.
-3
Calculate -22 - ((-14 - -2) + 0).
-10
What is the value of (1 - 4) + (-11 - -10)?
-4
What is the value of -3 + 5 - (6 - -1)?
-5
Calculate -4 - (2 - (3 + (-3 - -2))).
-4
What is the value of -1 - 1 - (-10 + -6 - -22)?
-8
4 - (1 - (-1 + (-4 - -3)))
1
What is the value of (-1 - (-4 - (9 + -7))) + -13?
-8
What is -2 + 0 + -2 + -2 + 11?
5
Calculate -4 + 0 - (-17 - -13) - -1.
1
Evaluate -5 - -9 - (0 - 0).
4
Calculate -6 + 13 + -7 - -2.
2
What is 0 - (-3 - -2) - (1 - -1)?
-1
What is -6 + 9 + -2 + -7?
-6
Calculate (43 - 54) + 6 + 1.
-4
What is the value of (-9 - (-9 - -1)) + (-1 - 2)?
-4
Calculate 5 + 0 + (-11 - -8).
2
(10 + -4 - 6) + 8
8
Evaluate (5 - -4) + -4 + -2 + 2.
5
What is the value of 3 - -1 - (-3 + 3 + 2)?
2
0 + -5 - (-10 + 19 + -16)
2
Calculate 1 + -2 - (4 + 1 + -1).
-5
What is 5 + -7 + 14 + -7 - 1?
4
What is the value of 5 - 5 - (-3 - 0)?
3
What is the value of 0 + 16 - (11 - 1)?
6
Evaluate (-4 - 1 - (17 - 19)) + 0.
-3
Calculate 0 - ((-8 - -2) + 2 + 8).
-4
Evaluate 6 + 9 + (8 - 18).
5
Calculate 0 - 2 - (-6 - -7 - -1).
-4
Evaluate 1 + -6 + 8 + 4 + -12.
-5
What is the value of -4 + 4 + -4 + 4 + 0?
0
-1 + -8 + 3 - -8
2
Evaluate 4 - (3 + -3 + 2 + -3).
5
Evaluate -122 + 126 - (0 - (-1 + -4)).
-1
Calculate -5 + (-1 - (-4 + 2 + -5)).
1
What is the value of 7 - 7 - (1 - 0 - -2)?
-3
Calculate 1 - 5 - -5 - (0 + 3).
-2
Calculate 2 + -10 - (2 - (0 + 2)).
-8
Calculate (-10 - -5 - -4) + 6 + -1.
4
Evaluate -4 - (-6 + 1 + 2 + -3).
2
Calculate (-2 + 3 - 0) + 13 + -9.
5
Calculate 4 + (1 - (4 + 1)).
0
Calculate -3 + (-2 - 2) - -3.
-4
Evaluate (18 - 2) + -66 + 57.
7
Calculate 14 - 14 - (1 - 4).
3
3 + (-4 - 5 - -14)
8
Evaluate 1 + -1 + (1 - -5) + -7.
-1
Evaluate (-2 - -8 - 8) + (-1 - -2).
-1
-4 + (10 - 3) - 4
-1
17 + -14 + (5 - 1)
7
What is the value of -19 + 6 + 5 + 4 + -1?
-5
(-2 - 1) + 13 + -11
-1
1 + (-11 - 1) + 5
-6
Evaluate 3 + -8 + (-4 - -9).
0
What is -3 - 7 - (-12 + (-2 - -8))?
-4
Evaluate 3 + (-6 - (-4 - (2 + -4))).
-1
What is -4 + 3 + 0 + -5 + 11?
5
Evaluate (0 - 2) + (-22 - -5 - -13).
-6
Evaluate 23 + -16 + (-3 - 4 - 2).
-2
What is the value of (1 - 4 - (-2 + 0)) + -3?
-4
What is 0 - (9 + (0 - 3))?
-6
What is -6 + 4 + (-5 - (0 - -2))?
-9
Evaluate 1 + 5 - (-1 + 7).
0
What is -2 + -2 + 0 + (1 - -1)?
-2
What is the value of (0 - (6 + -2)) + 4 + 6?
6
What is -5 + 17 + -6 - 10?
-4
(0 + 5 - (-6 - -15)) + 2
-2
What is the value of 2 + -3 + 2 + -6?
-5
What is (-18 - -6) + 5 + 3?
-4
1 + 2 + -18 + 17
2
-8 - (5 + 1 + -5 - 4)
-5
-5 + 0 - (-2 + -2)
-1
6 - (5 - (-13 - (0 + -6)))
-6
What is the value of -6 + -2 + 1 + 5?
-2
What is the value of -1 - -4 - (-10 - -11)?
2
Calculate (1 - (7 - 2)) + 6 - -4.
6
What is the value of -2 + 6 + -3 + (-3 - -2)?
0
(-1 - -1) + 4 + -11 - -4
-3
Evaluate -1 + -3 + 3 + -4.
-5
Calculate 4 - (-3 - (-4 + -2) - 3).
4
What is the value of (6 - (5 + -1)) + -1 + -2?
-1
What is 7 + -2 - 7 - 2?
-4
Calculate (2 - (-1 + 1) - 3) + 5.
4
Evaluate 3 - (-7 + 9) - (1 - 3).
3
What is the value of (5 - 2 - (1 + -3)) + -5?
0
-46 - -38 - (3 + -18)
7
3 - -3 - (4 - 0) - 5
-3
What is 7 + -1 + -7 - -3 - 11?
-9
3 + 1 + -2 + 3
5
What is the value of 1 + (1 - 6) + 4?
0
Calculate 14 - (11 + (-1 - 3)).
7
What is -1 - (-2 + 1 + -1 - 1)?
2
What is (0 - -1) + -7 + (7 - -1)?
2
Evaluate 0 + -4 + 0 + 2 - -2.
0
What is the value of 6 + (1 - 0) + -7 + 4?
4
What is 2 - (-3 + (0 - -5 - 2))?
2
What is -4 + 4 + -6 + 4 + 2?
0
What is the value of 1 + -1 + (6 - (-4 + 15))?
-5
Evaluate 0 + -5 + 7 + 4 + -1.
5
Calculate -69 + 66 - (0 - 1).
-2
Evaluate 3 + -1 - (-1 - (2 - 0)).
5
Calculate -43 - -45 - (4 + 0).
-2
-3 - -7 - -6 - 3
7
What is (4 - 6) + 1 + -4?
-5
What is the value of 3 + -6 - (-13 + 6)?
4
What is the value of (-2 - -7 - 2) + -3 + -1?
-1
What is the value of (-14 - -11) + (-2 + 2 - -4)?
1
Calculate 5 + (8 - 10) + -3.
0
-11 - -15 - (2 - -2) - -4
4
Calculate 3 + (0 - 0) + (-1 - 2).
0
Evaluate (-7 - -1) + 14 + -4.
4
What is the value of 1 + 2 + 1 - -1?
5
Calculate (-6 - (-12 + 3)) + -8 + 1.
-4
Calculate 5 + (5 - 2) - 5.
3
What is the value of 2 + (1 + -3 - (-6 + -1))?
7
Calculate (-2 - 2) + 9 - 8.
-3
What is -6 - (3 + (4 - 17) + 3)?
1
6 - (1 + -5 - -8) - 4
-2
What is (-6 - -7) + -3 + 2?
0
Evaluate 8 + (16 - 9 - (-4 + 29)).
-10
What is (-2 - 1 - (6 - 4)) + 1?
-4
Evaluate -3 + 0 - (-2 + -1 + -1).
1
(-20 + 9 - -10) + 8
7
16 - (11 - (4 - -1 - 1))
9
What is 9 + (-7 - -11 - 16)?
-3
What is the value of 0 + -1 - -2 - (-126 + 127)?
0
Evaluate 21 + -23 - (-2 + 0).
0
What is the value of -12 + 4 + 2 - -1?
-5
What is -5 - (-49 + 55 + -8 + 1)?
-4
What is (-1 - 0 - 7) + 8?
0
What is -11 - -5 - (0 + -3 - -1)?
-4
What is 1 + 1 + -9 + 10?
3
Evaluate -2 - (-11 - -4 - -4 - -6).
-5
Evaluate 5 - (4 + (2 - 2)).
1
-2 + (4 - 1) + -4 - 2
-5
What is the value of -9 + -10 + 18 - (5 + 0)?
-6
-47 - -47 - ((0 - 6) + 2)
4
Calculate -125 - -113 - (-13 + 0).
1
Evaluate 6 + -10 - 0 - -6.
2
What is the value of 12 + -5 + (7 - 15)?
-1
(-6 + 1 + 11 - 2) + -2
2
Evaluate 5 + (3 - 6) + 3.
5
3 + (4 - 4 - -5) + -2
6
Evaluate -36 + 37 + (1 - 0 - -3).
5
(2 - 5) + (-3 - (0 + -1))
-5
Evaluate (2 - 0) + (3 - 2) - 3.
0
6 - 2 - -3 - 7
0
Evaluate -11 + 8 + 5 + (-2 - 2).
-2
Evaluate -7 + 0 + (-2 - (-6 + 1)).
-4
Evaluate -26 + 32 + -4 + 1.
3
Evaluate (4 - 9) + 2 + (0 - 1).
-4
What is (-33 + 31 - (-1 - 2)) + 1?
2
What is the value of 6 + -7 + (0 - -9) + -11?
-3
8 + -5 - (-1 - 2 - -1)
5
What is 5 - (1 + 0) - (8 + 0)?
-4
What i